 is the highest common factor of 160 and 864?
32
Calculate the greatest common factor of 198 and 54.
18
What is the highest common factor of 3 and 57?
3
Calculate the greatest common factor of 616 and 33.
11
What is the greatest common divisor of 22 and 17798?
22
What is the greatest common divisor of 104 and 286?
26
What is the highest common factor of 610 and 10?
10
Calculate the greatest common factor of 14 and 490.
14
What is the highest common divisor of 475 and 19?
19
What is the greatest common divisor of 134 and 603?
67
Calculate the highest common divisor of 158 and 395.
79
Calculate the highest common divisor of 24 and 30.
6
Calculate the highest common divisor of 1425 and 57.
57
Calculate the highest common factor of 1008 and 98.
14
What is the greatest common factor of 24 and 948?
12
What is the highest common factor of 5 and 7?
1
Calculate the highest common factor of 10 and 4.
2
What is the highest common divisor of 506 and 46?
46
Calculate the greatest common factor of 493 and 731.
17
What is the highest common divisor of 12 and 3?
3
Calculate the greatest common divisor of 54 and 18.
18
What is the highest common divisor of 70 and 20?
10
What is the greatest common factor of 465 and 5?
5
What is the highest common factor of 455 and 130?
65
Calculate the greatest common divisor of 12 and 657.
3
Calculate the greatest common divisor of 1513 and 102.
17
What is the greatest common divisor of 69 and 15?
3
What is the greatest common factor of 88 and 110?
22
What is the highest common divisor of 1751 and 206?
103
Calculate the greatest common factor of 196 and 448.
28
Calculate the highest common divisor of 36 and 252.
36
What is the greatest common factor of 4556 and 51?
17
Calculate the highest common factor of 55 and 1034.
11
Calculate the greatest common factor of 1 and 679.
1
Calculate the highest common divisor of 539 and 196.
49
Calculate the greatest common divisor of 7 and 1820.
7
What is the greatest common divisor of 13915 and 115?
115
What is the greatest common factor of 7 and 259?
7
What is the highest common divisor of 188 and 1833?
47
Calculate the greatest common divisor of 26 and 2743.
13
Calculate the highest common divisor of 905 and 45.
5
What is the highest common factor of 86 and 516?
86
Calculate the greatest common divisor of 17 and 7.
1
What is the highest common factor of 6218 and 4?
2
What is the highest common divisor of 588 and 28?
28
Calculate the highest common factor of 2298 and 18.
6
What is the greatest common divisor of 229 and 1?
1
Calculate the highest common divisor of 11616 and 11.
11
Calculate the greatest common divisor of 5448 and 8.
8
What is the greatest common factor of 155 and 12865?
155
What is the highest common divisor of 2700 and 6588?
108
What is the highest common factor of 1376 and 2623?
43
Calculate the greatest common factor of 8 and 32.
8
Calculate the highest common factor of 51 and 68.
17
What is the highest common divisor of 275 and 2255?
55
Calculate the highest common factor of 65 and 3185.
65
What is the greatest common divisor of 76 and 20?
4
Calculate the greatest common divisor of 19 and 3.
1
What is the highest common factor of 129 and 172?
43
Calculate the highest common factor of 3183 and 3.
3
What is the highest common factor of 9 and 18?
9
What is the greatest common factor of 299 and 468?
13
Calculate the highest common divisor of 75 and 645.
15
Calculate the highest common factor of 4206 and 12.
6
What is the greatest common divisor of 1971 and 73?
73
Calculate the highest common divisor of 72 and 15102.
18
What is the highest common factor of 32 and 752?
16
Calculate the greatest common factor of 10 and 35.
5
Calculate the highest common factor of 423 and 94.
47
What is the highest common divisor of 49 and 2191?
7
What is the greatest common factor of 134 and 25326?
134
Calculate the highest common factor of 1204 and 56.
28
Calculate the greatest common factor of 159 and 93.
3
Calculate the greatest common factor of 130 and 11960.
130
What is the greatest common divisor of 288 and 216?
72
What is the highest common factor of 67 and 2479?
67
What is the greatest common divisor of 3 and 939?
3
Calculate the highest common factor of 40 and 55.
5
Calculate the highest common divisor of 895 and 1969.
179
What is the highest common divisor of 832 and 32?
32
Calculate the greatest common factor of 570 and 30.
30
What is the greatest common factor of 448 and 160?
32
What is the highest common factor of 64 and 19776?
64
What is the greatest common factor of 8 and 6?
2
Calculate the greatest common factor of 608 and 209.
19
What is the greatest common divisor of 244 and 100?
4
What is the greatest common divisor of 12 and 412?
4
What is the highest common divisor of 9 and 45?
9
Calculate the highest common factor of 111 and 129.
3
What is the highest common divisor of 752 and 47?
47
What is the highest common divisor of 12 and 12?
12
What is the highest common divisor of 25 and 10?
5
Calculate the highest common factor of 10803 and 117.
39
Calculate the highest common factor of 2289 and 147.
21
Calculate the highest common factor of 270 and 108.
54
What is the greatest common divisor of 551 and 319?
29
Calculate the greatest common divisor of 54222 and 42.
42
What is the highest common divisor of 1232 and 168?
56
Calculate the greatest common divisor of 152 and 1.
1
What is the highest common divisor of 68 and 697?
17
Calculate the greatest common factor of 422 and 10339.
211
What is the greatest common divisor of 1275 and 51?
51
Calculate the greatest common factor of 620 and 1674.
62
What is the greatest common factor of 2515 and 5?
5
Calculate the greatest common factor of 9852 and 24.
12
Calculate the highest common factor of 183 and 1098.
183
What is the greatest common factor of 1394 and 82?
82
Calculate the highest common divisor of 37 and 19351.
37
What is the greatest common factor of 1854 and 18?
18
What is the highest common factor of 559 and 43?
43
Calculate the greatest common factor of 2059 and 284.
71
What is the highest common factor of 154 and 112?
14
What is the greatest common divisor of 11 and 2442?
11
What is the greatest common factor of 885 and 15?
15
What is the greatest common divisor of 520 and 325?
65
What is the greatest common factor of 448 and 126?
14
What is the greatest common divisor of 1280 and 40?
40
Calculate the highest common divisor of 36 and 1062.
18
What is the greatest common factor of 3825 and 1125?
225
What is the highest common divisor of 1568 and 64?
32
Calculate the greatest common divisor of 105 and 336.
21
What is the greatest common divisor of 1100 and 15?
5
What is the greatest common factor of 36 and 9684?
36
Calculate the greatest common factor of 63 and 1701.
63
Calculate the greatest common factor of 800 and 32.
32
What is the greatest common factor of 19 and 4?
1
What is the highest common factor of 8484 and 84?
84
Calculate the highest common factor of 4485 and 69.
69
Calculate the highest common divisor of 2835 and 35.
35
What is the greatest common factor of 15360 and 30?
30
Calculate the greatest common factor of 4334 and 44.
22
Calculate the greatest common divisor of 27 and 81.
27
What is the greatest common factor of 539 and 14?
7
What is the highest common divisor of 4 and 20?
4
What is the greatest common factor of 2240 and 70?
70
Calculate the highest common factor of 48663 and 9.
9
Calculate the greatest common factor of 196 and 84.
28
What is the highest common factor of 44 and 473?
11
Calculate the highest common divisor of 30 and 810.
30
Calculate the greatest common divisor of 10 and 5410.
10
Calculate the highest common factor of 2 and 2.
2
Calculate the highest common divisor of 13321 and 385.
77
What is the highest common factor of 4 and 183?
1
Calculate the greatest common factor of 5 and 83.
1
Calculate the greatest common factor of 40 and 6280.
40
What is the highest common factor of 72 and 16?
8
Calculate the highest common divisor of 1944 and 64.
8
What is the greatest common divisor of 20 and 975?
5
What is the greatest common factor of 533 and 65?
13
What is the highest common divisor of 88 and 40?
8
Calculate the greatest common divisor of 11 and 649.
11
Calculate the highest common d